 is -45222143 (base 6) in base 4?
-11032320033
What is -1174d0 (base 15) in base 8?
-3136240
-4678b (base 13) to base 12
-625b0
What is 30de17 (base 15) in base 4?
20313222310
143264 (base 7) to base 15
828e
What is 141411 (base 7) in base 11?
19288
What is -455370 (base 9) in base 5?
-32213302
What is 1300432 (base 6) in base 14?
1b7c8
Convert 3023675 (base 8) to base 13.
21b784
Convert -155175 (base 10) to base 3.
-21212212020
What is 156230355 (base 7) in base 12?
3687346
Convert -1d16a7 (base 14) to base 7.
-11564600
Convert 3132030213 (base 4) to base 2.
11011110001100100111
What is -415022 (base 16) in base 14?
-7d5c78
6312916 (base 10) to base 15
84a761
-111111120200 (base 3) to base 5
-32001104
What is 1180964 (base 10) in base 4?
10200110210
What is 201111022210212 (base 3) in base 12?
3577228
What is -10578846 (base 10) in base 11?
-5a76053
Convert 111101010101100110001 (base 2) to base 16.
1eab31
-302716 (base 9) to base 7
-1344261
What is d5c99 (base 15) in base 7?
5522136
Convert 1d784d (base 16) to base 11.
10aa055
1717346 (base 9) to base 6
32301153
What is 1100110010000000001 (base 2) in base 13?
118829
Convert -10111100011101000 (base 2) to base 12.
-47a08
Convert -144333 (base 10) to base 8.
-431715
Convert 244121 (base 6) to base 16.
5491
Convert -11001628 (base 10) to base 3.
-202200221101201
Convert 10101122010002 (base 3) to base 16.
1b856d
What is 275a54 (base 16) in base 3?
11212000202120
125130431 (base 6) to base 5
1114001340
12360 (base 13) to base 12
174b0
What is 12144104 (base 5) in base 6?
2250505
What is -2607035 (base 9) in base 7?
-15042452
-120a0b2 (base 12) to base 6
-203012342
Convert 2363531 (base 10) to base 16.
24108b
-305622 (base 8) to base 14
-28c94
What is 882456 (base 11) in base 16?
157ee7
Convert -1928289 (base 10) to base 2.
-111010110110001100001
-80a860 (base 13) to base 3
-12122002122102
1486f2 (base 16) to base 11
83979a
-31212322 (base 4) to base 9
-84411
What is 3200215 (base 7) in base 3?
201122102011
Convert -2389978 (base 10) to base 3.
-11111102102201
-2023021202 (base 4) to base 9
-1057742
What is 2352454 (base 8) in base 9?
1181845
145355 (base 13) to base 14
cd231
-111001101000000111 (base 2) to base 4
-321220013
What is -14a868 (base 11) in base 3?
-102212221110
What is -4489b7 (base 12) in base 14?
-206735
What is b2a6cb (base 13) in base 16?
3f8b90
What is -2101120002010 (base 3) in base 8?
-4661660
Convert -6163044 (base 9) to base 15.
-44e90d
Convert 121120220210 (base 3) to base 5.
40422112
Convert 435776 (base 9) to base 10.
260160
Convert 2214564 (base 9) to base 2.
100100010110000001000
-1025a0 (base 11) to base 3
-22100112221
Convert -7106051 (base 8) to base 2.
-111001000110000101001
Convert -28648 (base 10) to base 2.
-110111111101000
Convert 18347b (base 12) to base 2.
1100110101011011111
What is -19670b (base 12) in base 5?
-103244333
What is -36b3219 (base 12) in base 13?
-22a1312
Convert -33c52d (base 15) to base 9.
-4576437
What is 200100122001 (base 3) in base 11?
227509
-234570 (base 11) to base 16
-5ad3f
10220202222 (base 3) to base 12
3875b
What is -3221123311 (base 4) in base 5?
-221044044
What is -113511140 (base 6) in base 12?
-8724b0
What is 123113011023 (base 4) in base 7?
114651603
39ba2 (base 16) to base 8
715642
120121201022 (base 3) to base 10
307430
Convert -652369 (base 10) to base 5.
-131333434
-948ced (base 16) to base 4
-211020303231
-1001000100110010001 (base 2) to base 10
-297361
Convert 1123853 (base 10) to base 13.
304703
What is -88d84c (base 14) in base 4?
-101232210330
What is -132032410 (base 5) in base 7?
-5411524
Convert -112020200112222 (base 3) to base 14.
-101158a
Convert 1ad16 (base 15) to base 7.
512403
62b09 (base 14) to base 5
30110044
Convert 47a40 (base 16) to base 7.
2331340
What is -4332441 (base 5) in base 13?
-27978
3002311031 (base 4) to base 8
3026515
Convert -113332212 (base 4) to base 10.
-98214
1110111110011011101 (base 2) to base 6
14303501
What is 985c2 (base 14) in base 12?
159552
Convert 24cb00 (base 14) to base 13.
353683
Convert -576a4 (base 11) to base 16.
-145a2
-28605 (base 10) to base 11
-1a545
What is -876221 (base 10) in base 2?
-11010101111010111101
Convert 1111241 (base 7) to base 10.
137327
What is -300211132 (base 4) in base 16?
-3095e
Convert -1163235 (base 8) to base 5.
-40234211
-7d919 (base 15) to base 11
-253829
Convert -112321302 (base 4) to base 8.
-267162
Convert 358ba (base 13) to base 16.
17f7d
-452074 (base 8) to base 3
-21202101012
What is 408206 (base 9) in base 3?
110022020020
Convert -105828 (base 11) to base 14.
-456a4
448520 (base 9) to base 14
6dcc7
What is 27921 (base 12) in base 11?
3826a
What is 413434 (base 8) in base 3?
20221220122
What is -2177644 (base 10) in base 6?
-114401404
What is -1131311013 (base 4) in base 6?
-12123143
What is -9c2c3 (base 16) in base 7?
-5302652
Convert 777219 (base 13) to base 6.
140155033
157277 (base 9) to base 15
1dbe4
What is 118860 (base 15) in base 9?
1517660
What is -343397 (base 12) in base 3?
-1120102122021
Convert -14312101 (base 5) to base 15.
-2eaa1
What is 10014411 (base 5) in base 4?
103113330
What is 1d8f95 (base 16) in base 4?
13120332111
Convert 1428786 (base 9) to base 10.
787236
Convert -304235111 (base 6) to base 16.
-500c53
Convert -6c5dc (base 15) to base 5.
-42024312
1301220041 (base 5) to base 13
862c11
What is -3998413 (base 10) in base 6?
-221411101
What is 5643104 (base 7) in base 6?
22555405
11101001001010111 (base 2) to base 16
1d257
-284133 (base 9) to base 8
-523055
What is 72320 (base 9) in base 4?
23220132
-222120030210 (base 4) to base 14
-1692752
Convert -1110001111001100111011 (base 2) to base 14.
-6d2239
What is -4808750 (base 9) in base 8?
-11737070
Convert 142435 (base 6) to base 8.
32367
1000101000110000001111 (base 2) to base 6
120305503
-56366 (base 14) to base 12
-a10b2
Convert 1010100111100101010011 (base 2) to base 9.
5212306
15716736 (base 8) to base 13
9a8056
Convert 61082 (base 15) to base 2.
1001011000000101111
What is 121332503 (base 7) in base 16?
73c8fe
What is -1405127 (base 10) in base 13?
-3a2749
Convert 2c466 (base 15) to base 12.
6a736
What is -44112103 (base 5) in base 6?
-12042432
What is 11300002222 (base 4) in base 12?
60848a
Convert 15b645 (base 12) to base 7.
3110552
Convert -447989 (base 10) to base 9.
-752465
What is 15223 (base 14) in base 16?
cd4f
Convert -13323234 (base 5) to base 12.
-668b1
What is 2161067 (base 8) in base 4?
2032020313
Convert -12536115 (base 7) to base 5.
-243332243
2b4321 (base 13) to base 7
12030050
101101102100011 (base 3) to base 13
11b33a5
Convert -1591b (base 14) to base 13.
-1b711
What is -3dc49 (base 16) in base 13?
-8b208
580324 (base 10) to base 12
23ba04
Convert -101001011101011011110 (base 2) to base 11.
-848783
-39bb6a1 (base 12) to base 3
-210112111022111
What is -23133402 (base 5) in base 9?
-347130
What is -100110000010000100110 (base 2) in base 13?
-348331
What is 133dc (base 16) in base 2?
10011001111011100
What is 111535601 (base 7) in base 4?
121323332021
-46b1a (base 12) to base 3
-11211012111
What is -10076112 (base 8) in base 12?
-868062
Convert -198637 (base 12) to base 13.
-129baa
-50034442 (base 6) to base 2
-101010110111010111010
-37b5c (base 14) to base 10
-136694
8978a (base 14) to base 15
68c48
69e09 (base 16) to base 3
211000212222
What is -3241040400 (base 5) in base 11?
-3a31751
What is 11335444 (base 6) in base 15?
7030a
Convert -44414231 (base 5) to base 15.
-7a27b
Convert 2231223301 (base 4) to base 5.
140231114
-2350c86 (base 13) to base 5
-10243144230
What is 2b3499 (base 13) in base 7?
12021323
What is -10423110 (base 6) in base 10?
-314322
-790746 (base 11) to base 15
-19d518
1420552 (base 8) to base 7
3262225
Convert 21188 (base 14) to base 2.
10011100000010100
What is 13006432 (base 8) in base 10?
2886938
Convert 11100100001011011011100 (base 2) to base 9.
15055408
Convert -272853 (base 11) to base 4.
-1220203311
-b532 (base 15) to base 7
-216440
Convert 39434 (base 13) to base 10.
106175
Convert -10542325 (base 6) to base 16.
-4f3cd
What is 2615130 (base 9) in base 16?
15c822
Convert 39a4462 (base 13) to base 10.
18117218
What is -9012 (base 13) in base 14?
-72d6
What is -2110221021 (base 3) in base 9?
-73837
Convert c541